{"id":1024,"date":"2013-09-30T17:23:13","date_gmt":"2013-09-30T15:23:13","guid":{"rendered":"http:\/\/www.sos-kinderhilfe-uganda.com\/?page_id=1024"},"modified":"2023-11-05T12:23:42","modified_gmt":"2023-11-05T10:23:42","slug":"ikirah-education-center-schulkleidung","status":"publish","type":"page","link":"https:\/\/www.kinderhilfe-uganda.de\/?page_id=1024","title":{"rendered":"Schulkleidung selbst gemacht"},"content":{"rendered":"<p>Die Sch\u00fcler des Ikirah Education Center n\u00e4hen ihre Schulkleidung selbst. Das ist f\u00fcr sie die g\u00fcnstigste und schnellste M\u00f6glichkeit, die Uniform zu bekommen. Zudem lernen die Sch\u00fclerinnen und Sch\u00fcler bereits in der Schule ein wichtiges Handwerk, das ihnen nach der Schule n\u00fctzlich ist. Die N\u00e4hmaschinen f\u00fcr das Projekt wurden ihnen von der SOS Kinderhilfe Uganda gestellt. Die Leitung f\u00fcr das N\u00e4hen hat ein erfahrener Lehrer \u00fcbernommen. Er gibt Einweisungen f\u00fcr die N\u00e4hmaschinen und hilft den Sch\u00fclern schon beim Anfertigen der Muster f\u00fcr die Kleider, Shirts, Hosen und Kopft\u00fccher.<\/p>\nngg_shortcode_0_placeholder\n","protected":false},"excerpt":{"rendered":"<p>Die Sch\u00fcler des Ikirah Education Center n\u00e4hen ihre Schulkleidung selbst. Das ist f\u00fcr sie die g\u00fcnstigste und schnellste M\u00f6glichkeit, die Uniform zu bekommen. Zudem lernen die Sch\u00fclerinnen und Sch\u00fcler bereits in der Schule ein wichtiges Handwerk, das ihnen nach der Schule n\u00fctzlich ist. Die N\u00e4hmaschinen f\u00fcr das Projekt wurden ihnen von der SOS Kinderhilfe Uganda [&hellip;]<\/p>\n","protected":false},"author":7,"featured_media":0,"parent":2382,"menu_order":0,"comment_status":"closed","ping_status":"closed","template":"","meta":{"give_campaign_id":0,"ngg_post_thumbnail":0,"footnotes":""},"class_list":["post-1024","page","type-page","status-publish","hentry"],"campaignId":"","_links":{"self":[{"href":"https:\/\/www.kinderhilfe-uganda.de\/index.php?rest_route=\/wp\/v2\/pages\/1024","targetHints":{"allow":["GET"]}}],"collection":[{"href":"https:\/\/www.kinderhilfe-uganda.de\/index.php?rest_route=\/wp\/v2\/pages"}],"about":[{"href":"https:\/\/www.kinderhilfe-uganda.de\/index.php?rest_route=\/wp\/v2\/types\/page"}],"author":[{"embeddable":true,"href":"https:\/\/www.kinderhilfe-uganda.de\/index.php?rest_route=\/wp\/v2\/users\/7"}],"replies":[{"embeddable":true,"href":"https:\/\/www.kinderhilfe-uganda.de\/index.php?rest_route=%2Fwp%2Fv2%2Fcomments&post=1024"}],"version-history":[{"count":7,"href":"https:\/\/www.kinderhilfe-uganda.de\/index.php?rest_route=\/wp\/v2\/pages\/1024\/revisions"}],"predecessor-version":[{"id":1831,"href":"https:\/\/www.kinderhilfe-uganda.de\/index.php?rest_route=\/wp\/v2\/pages\/1024\/revisions\/1831"}],"up":[{"embeddable":true,"href":"https:\/\/www.kinderhilfe-uganda.de\/index.php?rest_route=\/wp\/v2\/pages\/2382"}],"wp:attachment":[{"href":"https:\/\/www.kinderhilfe-uganda.de\/index.php?rest_route=%2Fwp%2Fv2%2Fmedia&parent=1024"}],"curies":[{"name":"wp","href":"https:\/\/api.w.org\/{rel}","templated":true}]}}