{"id":1031,"date":"2013-09-30T17:56:21","date_gmt":"2013-09-30T15:56:21","guid":{"rendered":"http:\/\/www.sos-kinderhilfe-uganda.com\/?page_id=1031"},"modified":"2023-11-05T12:22:05","modified_gmt":"2023-11-05T10:22:05","slug":"spende-der-spvg-wallerhausen","status":"publish","type":"page","link":"https:\/\/www.kinderhilfe-uganda.de\/?page_id=1031","title":{"rendered":"Spende Spvg. Wallerhausen"},"content":{"rendered":"<p>Die Spvg. Wallerhausen hat im August 2013 zwei Trikots\u00e4tze gespendet, die bei einer Reise von freiwilligen Helfern der Organisation an Kinder verteilt werden konnten. Die Trikots sorgten f\u00fcr strahlende Gesichter und leuchtende Augen und die Kinder durften sich wie gro\u00dfe Fu\u00dfballstars f\u00fchlen. Beim anschlie\u00dfenden Spiel wurde allerdings barfu\u00df gespielt &#8211; Schuhe haben die meisten Kinder nicht. Das macht die kleinen Nachwuchs-Kicker allerdings definitiv nicht schlechter, Kondition und Technik haben die vier Deutschen begeistert. Den &#8222;Bolzplatz&#8220; teilten sich die Kinder \u00fcbrigens auch mit einigen K\u00fchen und statt Toren gab es Ziegelsteine&#8230;<\/p>\nngg_shortcode_0_placeholder\n","protected":false},"excerpt":{"rendered":"<p>Die Spvg. Wallerhausen hat im August 2013 zwei Trikots\u00e4tze gespendet, die bei einer Reise von freiwilligen Helfern der Organisation an Kinder verteilt werden konnten. Die Trikots sorgten f\u00fcr strahlende Gesichter und leuchtende Augen und die Kinder durften sich wie gro\u00dfe Fu\u00dfballstars f\u00fchlen. Beim anschlie\u00dfenden Spiel wurde allerdings barfu\u00df gespielt &#8211; Schuhe haben die meisten Kinder [&hellip;]<\/p>\n","protected":false},"author":7,"featured_media":0,"parent":10,"menu_order":0,"comment_status":"closed","ping_status":"closed","template":"","meta":{"give_campaign_id":0,"ngg_post_thumbnail":0,"footnotes":""},"class_list":["post-1031","page","type-page","status-publish","hentry"],"campaignId":"","_links":{"self":[{"href":"https:\/\/www.kinderhilfe-uganda.de\/index.php?rest_route=\/wp\/v2\/pages\/1031","targetHints":{"allow":["GET"]}}],"collection":[{"href":"https:\/\/www.kinderhilfe-uganda.de\/index.php?rest_route=\/wp\/v2\/pages"}],"about":[{"href":"https:\/\/www.kinderhilfe-uganda.de\/index.php?rest_route=\/wp\/v2\/types\/page"}],"author":[{"embeddable":true,"href":"https:\/\/www.kinderhilfe-uganda.de\/index.php?rest_route=\/wp\/v2\/users\/7"}],"replies":[{"embeddable":true,"href":"https:\/\/www.kinderhilfe-uganda.de\/index.php?rest_route=%2Fwp%2Fv2%2Fcomments&post=1031"}],"version-history":[{"count":12,"href":"https:\/\/www.kinderhilfe-uganda.de\/index.php?rest_route=\/wp\/v2\/pages\/1031\/revisions"}],"predecessor-version":[{"id":2291,"href":"https:\/\/www.kinderhilfe-uganda.de\/index.php?rest_route=\/wp\/v2\/pages\/1031\/revisions\/2291"}],"up":[{"embeddable":true,"href":"https:\/\/www.kinderhilfe-uganda.de\/index.php?rest_route=\/wp\/v2\/pages\/10"}],"wp:attachment":[{"href":"https:\/\/www.kinderhilfe-uganda.de\/index.php?rest_route=%2Fwp%2Fv2%2Fmedia&parent=1031"}],"curies":[{"name":"wp","href":"https:\/\/api.w.org\/{rel}","templated":true}]}}