{"id":2,"date":"2009-11-21T18:21:48","date_gmt":"2009-11-21T17:21:48","guid":{"rendered":"http:\/\/www.sos-kinderhilfe-uganda.com\/?page_id=2"},"modified":"2024-12-11T21:43:09","modified_gmt":"2024-12-11T19:43:09","slug":"eine-seite","status":"publish","type":"page","link":"https:\/\/www.kinderhilfe-uganda.de\/","title":{"rendered":"&#x2665;-lich Willkommen!"},"content":{"rendered":"\t\t<div data-elementor-type=\"wp-page\" data-elementor-id=\"2\" class=\"elementor elementor-2\">\n\t\t\t\t\t\t<section class=\"elementor-section elementor-top-section elementor-element elementor-element-2286c8c elementor-section-full_width elementor-section-height-default elementor-section-height-default\" data-id=\"2286c8c\" data-element_type=\"section\" data-e-type=\"section\">\n\t\t\t\t\t\t<div class=\"elementor-container elementor-column-gap-default\">\n\t\t\t\t\t<div class=\"elementor-column elementor-col-50 elementor-top-column elementor-element elementor-element-3425d10\" data-id=\"3425d10\" data-element_type=\"column\" data-e-type=\"column\">\n\t\t\t<div class=\"elementor-widget-wrap elementor-element-populated\">\n\t\t\t\t\t\t<div class=\"elementor-element elementor-element-327e635 elementor-invisible elementor-widget elementor-widget-text-editor\" data-id=\"327e635\" data-element_type=\"widget\" data-e-type=\"widget\" data-settings=\"{&quot;_animation&quot;:&quot;fadeIn&quot;}\" data-widget_type=\"text-editor.default\">\n\t\t\t\t<div class=\"elementor-widget-container\">\n\t\t\t\t\t\t\t\t\t<p style=\"font-family: Roboto, sans-serif; font-size: 15px; font-style: normal; font-weight: 400;\">Die Morsbach for children in Uganda e.V. (ehemals Kinderhilfe Uganda e.V.) macht sich f\u00fcr die N\u00f6te, Anliegen und Rechte von Waisenkindern in Uganda stark. Der Schwerpunkt unserer Arbeit liegt in der Betreuung und Bildungsf\u00f6rderung von M\u00e4dchen und Jungen sowie benachteiligten Familien. Wir f\u00f6rdern die St. Joseph School und die Crown Star Junior School in Masaka. Hier werden auch zum Teil Sch\u00fcler und Sch\u00fclerinnen betreut, die Waisen sind. Diese Waisen betreuen wir als Patenkinder. Zur Zeit sind ca. 51 Patenschaften vermittelt.<\/p>\n<p style=\"font-family: Roboto, sans-serif; font-size: 15px; font-style: normal; font-weight: 400;\">Au\u00dferdem f\u00f6rdern wir in Zusammenarbeit mit dem Dietrich-Bonhoeffer-Gymnasium in Wiehl Projekte des Ikirah Education Center, der zudem auch von der UNESCO unterst\u00fctzt wird.<\/p>\n<p style=\"font-family: Roboto, sans-serif; font-size: 15px; font-style: normal; font-weight: 400;\">Weitere Unterst\u00fctzung in Form von Mikrokrediten gew\u00e4hren wir Frauen, die aus verschiedensten Gr\u00fcnden keiner Erwerbst\u00e4tigkeit nachgehen k\u00f6nnen. Sie haben z.B. Kinder von Verwandten aufgenommen, die beide Eltern zum Teil durch Aids verloren. Mit diesem Kredit bauen sie sich eine Existenz auf.<\/p>\n<p style=\"font-family: Roboto, sans-serif; font-size: 15px; font-style: normal; font-weight: 400;\">2018 bekamen wir f\u00fcr 20 Jahre ein Gel\u00e4nde zur Verf\u00fcgung gestellt, wo Nutzpflanzen und B\u00e4ume angepflanzt wurden. Der Erl\u00f6s der Ernte kommt wiederum den Kindern zu gute.<\/p>\n<p style=\"font-family: Roboto, sans-serif; font-size: 15px; font-style: normal; font-weight: 400;\">Um den M\u00e4dchen in den betreuten Schulen und unseren Patenkindern einen durchg\u00e4ngigen Schulbesuch zu erm\u00f6glichen, auch wenn sie ihre Tage haben, werden regelm\u00e4\u00dfig sogenannte AFRI-Pads verteilt. Das sind waschbare Binden, die vor Ort gekauft werden.<\/p>\n<p style=\"font-family: Roboto, sans-serif; font-size: 15px; font-style: normal; font-weight: 400;\">Erst k\u00fcrzlich abgeschlossene Projekte waren der Bau eines Waisenhauses, sowie einer Latrine und eines Brunnens. Zudem waren wir auch 2024 wieder vor Ort zu Besuch (<a href=\"https:\/\/www.kinderhilfe-uganda.de\/?page_id=2679\">Link<\/a>).<\/p>\t\t\t\t\t\t\t\t<\/div>\n\t\t\t\t<\/div>\n\t\t\t\t\t<\/div>\n\t\t<\/div>\n\t\t\t\t<div class=\"elementor-column elementor-col-50 elementor-top-column elementor-element elementor-element-346dd9a\" data-id=\"346dd9a\" data-element_type=\"column\" data-e-type=\"column\">\n\t\t\t<div class=\"elementor-widget-wrap elementor-element-populated\">\n\t\t\t\t\t\t<div class=\"elementor-element elementor-element-c34cd7c animated-fast elementor-invisible elementor-widget elementor-widget-image\" data-id=\"c34cd7c\" data-element_type=\"widget\" data-e-type=\"widget\" data-settings=\"{&quot;_animation&quot;:&quot;fadeIn&quot;}\" data-widget_type=\"image.default\">\n\t\t\t\t<div class=\"elementor-widget-container\">\n\t\t\t\t\t\t\t\t\t\t\t\t\t\t\t<img decoding=\"async\" src=\"https:\/\/www.kinderhilfe-uganda.de\/wp-content\/uploads\/elementor\/thumbs\/Bild_Kinder_Startseite-q3esi516siji1mzwswwrdaabgy6798hi7b62oy2qow.jpg\" title=\"Bild_Kinder_Uganda\" alt=\"Bild_Kinder_Uganda\" loading=\"lazy\" \/>\t\t\t\t\t\t\t\t\t\t\t\t\t\t\t<\/div>\n\t\t\t\t<\/div>\n\t\t\t\t\t<\/div>\n\t\t<\/div>\n\t\t\t\t\t<\/div>\n\t\t<\/section>\n\t\t\t\t<section class=\"elementor-section elementor-top-section elementor-element elementor-element-7350560 elementor-section-boxed elementor-section-height-default elementor-section-height-default\" data-id=\"7350560\" data-element_type=\"section\" data-e-type=\"section\">\n\t\t\t\t\t\t<div class=\"elementor-container elementor-column-gap-default\">\n\t\t\t\t\t<div class=\"elementor-column elementor-col-100 elementor-top-column elementor-element elementor-element-7f3847d\" data-id=\"7f3847d\" data-element_type=\"column\" data-e-type=\"column\">\n\t\t\t<div class=\"elementor-widget-wrap\">\n\t\t\t\t\t\t\t<\/div>\n\t\t<\/div>\n\t\t\t\t\t<\/div>\n\t\t<\/section>\n\t\t\t\t<section class=\"elementor-section elementor-top-section elementor-element elementor-element-8fa842c elementor-section-full_width elementor-section-height-default elementor-section-height-default\" data-id=\"8fa842c\" data-element_type=\"section\" data-e-type=\"section\">\n\t\t\t\t\t\t<div class=\"elementor-container elementor-column-gap-default\">\n\t\t\t\t\t<div class=\"elementor-column elementor-col-100 elementor-top-column elementor-element elementor-element-bc02140\" data-id=\"bc02140\" data-element_type=\"column\" data-e-type=\"column\">\n\t\t\t<div class=\"elementor-widget-wrap elementor-element-populated\">\n\t\t\t\t\t\t<div class=\"elementor-element elementor-element-df13f82 elementor-invisible elementor-widget elementor-widget-text-editor\" data-id=\"df13f82\" data-element_type=\"widget\" data-e-type=\"widget\" data-settings=\"{&quot;_animation&quot;:&quot;fadeInUp&quot;}\" data-widget_type=\"text-editor.default\">\n\t\t\t\t<div class=\"elementor-widget-container\">\n\t\t\t\t\t\t\t\t\t<h4 style=\"font-style: normal;\"><strong style=\"font-size: 20px;\">Neugierig geworden?<\/strong><\/h4><p style=\"font-family: Roboto, sans-serif; font-size: 15px; font-style: normal; font-weight: 400;\">Zu allen Themen finden Sie rechts in der Leiste n\u00e4here Informationen. Auch \u00fcber unsere regelm\u00e4\u00dfigen Besuche vor Ort sind entsprechende Fotogalerien hinterlegt.<\/p><p style=\"font-family: Roboto, sans-serif; font-size: 15px; font-style: normal; font-weight: 400;\">Wir arbeiten alle ehrenamtlich und finanzieren auch die Reisen nach Uganda selber. Das hei\u00dft, alle Spenden kommen fast 1:1 unseren Projekten zu gute.<\/p><p style=\"font-family: Roboto, sans-serif; font-size: 15px; font-style: normal; font-weight: 400;\"><span style=\"font-family: Roboto, sans-serif; font-size: 15px; font-style: normal; font-weight: 400;\">Sie m\u00f6chten ebenfalls Mitglied werden? Klicken Sie einfach\u00a0<\/span><a style=\"font-family: Roboto, sans-serif; font-size: 15px; font-style: normal; font-weight: 400;\" href=\"https:\/\/www.kinderhilfe-uganda.de\/?page_id=1920\">hier<\/a><span style=\"font-family: Roboto, sans-serif; font-size: 15px; font-style: normal; font-weight: 400;\">!<\/span><\/p>\t\t\t\t\t\t\t\t<\/div>\n\t\t\t\t<\/div>\n\t\t\t\t\t<\/div>\n\t\t<\/div>\n\t\t\t\t\t<\/div>\n\t\t<\/section>\n\t\t\t\t<section class=\"elementor-section elementor-top-section elementor-element elementor-element-7e3a3c4 elementor-section-full_width elementor-section-height-default elementor-section-height-default\" data-id=\"7e3a3c4\" data-element_type=\"section\" data-e-type=\"section\">\n\t\t\t\t\t\t<div class=\"elementor-container elementor-column-gap-default\">\n\t\t\t\t\t<div class=\"elementor-column elementor-col-100 elementor-top-column elementor-element elementor-element-5b856c0\" data-id=\"5b856c0\" data-element_type=\"column\" data-e-type=\"column\">\n\t\t\t<div class=\"elementor-widget-wrap elementor-element-populated\">\n\t\t\t\t\t\t<div class=\"elementor-element elementor-element-44ae6f6 elementor-arrows-position-inside elementor-pagination-position-outside elementor-invisible elementor-widget elementor-widget-image-carousel\" data-id=\"44ae6f6\" data-element_type=\"widget\" data-e-type=\"widget\" data-settings=\"{&quot;lazyload&quot;:&quot;yes&quot;,&quot;autoplay_speed&quot;:7000,&quot;speed&quot;:2000,&quot;_animation&quot;:&quot;fadeInUp&quot;,&quot;navigation&quot;:&quot;both&quot;,&quot;autoplay&quot;:&quot;yes&quot;,&quot;pause_on_hover&quot;:&quot;yes&quot;,&quot;pause_on_interaction&quot;:&quot;yes&quot;,&quot;infinite&quot;:&quot;yes&quot;}\" data-widget_type=\"image-carousel.default\">\n\t\t\t\t<div class=\"elementor-widget-container\">\n\t\t\t\t\t\t\t<div class=\"elementor-image-carousel-wrapper swiper\" role=\"region\" aria-roledescription=\"carousel\" aria-label=\"Bild Karussell\" dir=\"ltr\">\n\t\t\t<div class=\"elementor-image-carousel swiper-wrapper swiper-image-stretch\" aria-live=\"off\">\n\t\t\t\t\t\t\t\t<div class=\"swiper-slide\" role=\"group\" aria-roledescription=\"slide\" aria-label=\"1 von 5\"><figure class=\"swiper-slide-inner\"><img class=\"swiper-slide-image swiper-lazy\" data-src=\"https:\/\/www.kinderhilfe-uganda.de\/wp-content\/uploads\/elementor\/thumbs\/16-Spielplatz-fertige-Reifen-1-pyoakrof1x94d0e2gr3adzw1qq69o5m4kdd4i8q4sw.jpg\" alt=\"16-Spielplatz-fertige-Reifen-1\" \/><div class=\"swiper-lazy-preloader\"><\/div><\/figure><\/div><div class=\"swiper-slide\" role=\"group\" aria-roledescription=\"slide\" aria-label=\"2 von 5\"><figure class=\"swiper-slide-inner\"><img class=\"swiper-slide-image swiper-lazy\" data-src=\"https:\/\/www.kinderhilfe-uganda.de\/wp-content\/uploads\/elementor\/thumbs\/412-Ausflug-zum-See-scaled-pyoamxp0t67x4n8qt6tbmy7b1phqf17uj3ifc7iggg.jpg\" alt=\"412-Ausflug-zum-See\" \/><div class=\"swiper-lazy-preloader\"><\/div><\/figure><\/div><div class=\"swiper-slide\" role=\"group\" aria-roledescription=\"slide\" aria-label=\"3 von 5\"><figure class=\"swiper-slide-inner\"><img class=\"swiper-slide-image swiper-lazy\" data-src=\"https:\/\/www.kinderhilfe-uganda.de\/wp-content\/uploads\/elementor\/thumbs\/15-fertiger-Rohbau-oybhknaznyqdmz4vwqbh07twcjthgz2hpuq60bcgr4.jpg\" alt=\"15-fertiger-Rohbau\" \/><div class=\"swiper-lazy-preloader\"><\/div><\/figure><\/div><div class=\"swiper-slide\" role=\"group\" aria-roledescription=\"slide\" aria-label=\"4 von 5\"><figure class=\"swiper-slide-inner\"><img class=\"swiper-slide-image swiper-lazy\" data-src=\"https:\/\/www.kinderhilfe-uganda.de\/wp-content\/uploads\/elementor\/thumbs\/1.Waisenhaus-Ansicht-Zugang-Grundstu\u0308ck-ph2b8ocbonwoxwguisvjaig1gblwu8ef7hpprooj4g.jpg\" alt=\"1.Waisenhaus-Ansicht-Zugang-Grundstu\u0308ck\" \/><div class=\"swiper-lazy-preloader\"><\/div><\/figure><\/div><div class=\"swiper-slide\" role=\"group\" aria-roledescription=\"slide\" aria-label=\"5 von 5\"><figure class=\"swiper-slide-inner\"><img class=\"swiper-slide-image swiper-lazy\" data-src=\"https:\/\/www.kinderhilfe-uganda.de\/wp-content\/uploads\/elementor\/thumbs\/2.Waisenhaus-Totale-ph2b8q802bz9l4e47tosfhyyn3cn9mlvvr0oq8lqs0.jpg\" alt=\"2.Waisenhaus-Totale\" \/><div class=\"swiper-lazy-preloader\"><\/div><\/figure><\/div>\t\t\t<\/div>\n\t\t\t\t\t\t\t\t\t\t\t\t<div class=\"elementor-swiper-button elementor-swiper-button-prev\" role=\"button\" tabindex=\"0\">\n\t\t\t\t\t\t<i aria-hidden=\"true\" class=\"eicon-chevron-left\"><\/i>\t\t\t\t\t<\/div>\n\t\t\t\t\t<div class=\"elementor-swiper-button elementor-swiper-button-next\" role=\"button\" tabindex=\"0\">\n\t\t\t\t\t\t<i aria-hidden=\"true\" class=\"eicon-chevron-right\"><\/i>\t\t\t\t\t<\/div>\n\t\t\t\t\n\t\t\t\t\t\t\t\t\t<div class=\"swiper-pagination\"><\/div>\n\t\t\t\t\t\t\t\t\t<\/div>\n\t\t\t\t\t\t<\/div>\n\t\t\t\t<\/div>\n\t\t\t\t\t<\/div>\n\t\t<\/div>\n\t\t\t\t\t<\/div>\n\t\t<\/section>\n\t\t\t\t<\/div>\n\t\t","protected":false},"excerpt":{"rendered":"<p>Die Morsbach for children in Uganda e.V. (ehemals Kinderhilfe Uganda e.V.) macht sich f\u00fcr die N\u00f6te, Anliegen und Rechte von Waisenkindern in Uganda stark. Der Schwerpunkt unserer Arbeit liegt in der Betreuung und Bildungsf\u00f6rderung von M\u00e4dchen und Jungen sowie benachteiligten Familien. Wir f\u00f6rdern die St. Joseph School und die Crown Star Junior School in Masaka. [&hellip;]<\/p>\n","protected":false},"author":7,"featured_media":0,"parent":0,"menu_order":1,"comment_status":"closed","ping_status":"closed","template":"","meta":{"give_campaign_id":0,"ngg_post_thumbnail":0,"footnotes":""},"class_list":["post-2","page","type-page","status-publish","hentry"],"campaignId":"","_links":{"self":[{"href":"https:\/\/www.kinderhilfe-uganda.de\/index.php?rest_route=\/wp\/v2\/pages\/2","targetHints":{"allow":["GET"]}}],"collection":[{"href":"https:\/\/www.kinderhilfe-uganda.de\/index.php?rest_route=\/wp\/v2\/pages"}],"about":[{"href":"https:\/\/www.kinderhilfe-uganda.de\/index.php?rest_route=\/wp\/v2\/types\/page"}],"author":[{"embeddable":true,"href":"https:\/\/www.kinderhilfe-uganda.de\/index.php?rest_route=\/wp\/v2\/users\/7"}],"replies":[{"embeddable":true,"href":"https:\/\/www.kinderhilfe-uganda.de\/index.php?rest_route=%2Fwp%2Fv2%2Fcomments&post=2"}],"version-history":[{"count":152,"href":"https:\/\/www.kinderhilfe-uganda.de\/index.php?rest_route=\/wp\/v2\/pages\/2\/revisions"}],"predecessor-version":[{"id":2798,"href":"https:\/\/www.kinderhilfe-uganda.de\/index.php?rest_route=\/wp\/v2\/pages\/2\/revisions\/2798"}],"wp:attachment":[{"href":"https:\/\/www.kinderhilfe-uganda.de\/index.php?rest_route=%2Fwp%2Fv2%2Fmedia&parent=2"}],"curies":[{"name":"wp","href":"https:\/\/api.w.org\/{rel}","templated":true}]}}