{"id":2799,"date":"2024-12-12T17:33:30","date_gmt":"2024-12-12T15:33:30","guid":{"rendered":"https:\/\/www.kinderhilfe-uganda.de\/?page_id=2799"},"modified":"2024-12-12T17:34:16","modified_gmt":"2024-12-12T15:34:16","slug":"projekt-schulgeldtopf","status":"publish","type":"page","link":"https:\/\/www.kinderhilfe-uganda.de\/?page_id=2799","title":{"rendered":"Projekt &#8222;Schulgeldtopf&#8220;"},"content":{"rendered":"\n<p>Das ugandische Schulsystem und unser neues Projekt:<\/p>\n\n\n\n<h3 class=\"wp-block-heading\"><strong>&#x1f1fa;&#x1f1ec;Der Schulgeldtopf&#x1f1fa;&#x1f1ec;<\/strong><\/h3>\n\n\n\n<p>Das Schulsystem in Uganda stellt viele Familien vor gro\u00dfe Herausforderungen. Schulgeb\u00fchren, Materialien und Unterbringung m\u00fcssen bezahlt werden \u2013 f\u00fcr viele ist das finanziell kaum m\u00f6glich. Besonders weiterf\u00fchrende Schulen und Ausbildungen sind kostspielig, doch sie bieten Kindern die Chance auf eine bessere Zukunft.<\/p>\n\n\n\n<p>Aktuell sind Mutesi und Eric noch in unserem Waisenhaus untergebracht, doch wir m\u00f6chten auch in Zukunft die Verantwortung f\u00fcr sie \u00fcbernehmen und sie auf ihrem Bildungsweg unterst\u00fctzen. Beide werden bald auf eine weiterf\u00fchrende Schule gehen \u2013 ein bewegender Moment f\u00fcr uns alle! Um solche Bildungswege langfristig zu sichern, starten wir unser neues Projekt: den \u201eSchulgeldtopf\u201c.<\/p>\n\n\n\n<p><strong>Was kostet Bildung in Uganda?<br><\/strong>Die Kosten f\u00fcr Bildung h\u00e4ngen stark davon ab, ob ein Kind mit oder ohne Internatsunterbringung (inklusive Verpflegung) die Schule besucht.<\/p>\n\n\n\n<p><strong>Ohne Unterbringung:<\/strong><\/p>\n\n\n\n<ul class=\"wp-block-list\">\n<li>Kindergarten: ca 250 \u20ac pro Jahr<\/li>\n\n\n\n<li>Grundschule: ca 300 \u20ac pro Jahr<\/li>\n\n\n\n<li>Weiterf\u00fchrende Schule: ca 400 \u20ac pro Jahr<\/li>\n\n\n\n<li>Ausbildung: ca 500 \u20ac pro Jahr<\/li>\n<\/ul>\n\n\n\n<p><strong>Mit Unterbringung und Verpflegung:<\/strong><\/p>\n\n\n\n<ul class=\"wp-block-list\">\n<li>Kindergarten: ca 500 \u20ac pro Jahr<\/li>\n\n\n\n<li>Grundschule: ca 550 \u20ac pro Jahr<\/li>\n\n\n\n<li>Weiterf\u00fchrende Schule: ca 650 \u20ac pro Jahr<\/li>\n\n\n\n<li>Ausbildung: ca 750 \u20ac pro Jahr<\/li>\n<\/ul>\n\n\n\n<p>Mit dem Schulgeldtopf wollen wir sicherstellen, dass diese Betr\u00e4ge gedeckt werden k\u00f6nnen, um Kindern wie Mutesi und Eric eine nachhaltige Perspektive zu bieten.<\/p>\n\n\n\n<h4 class=\"wp-block-heading\"><strong>Wie k\u00f6nnen Sie helfen?<\/strong><\/h4>\n\n\n\n<p>Spenden Sie einen beliebigen Betrag (IBAN DE04384621351515505012) mit dem Verwendungszweck \u201eAllgemeiner Schulgeldtopf\u201c.<\/p>\n\n\n\n<p>Unterst\u00fctzen Sie Aktionen wie unsere Waffelbackaktion \u2013 der Erl\u00f6s flie\u00dft direkt in den Fonds.<\/p>\n\n\n\n<p>Mit Ihrer Hilfe erm\u00f6glichen wir nicht nur Bildung, sondern auch Platz f\u00fcr neue Kinder in unserem Waisenhaus, die ebenfalls eine Chance auf eine bessere Zukunft erhalten.<\/p>\n\n\n\n<p>Vielen Dank f\u00fcr Ihre Unterst\u00fctzung! &#x263a;&#xfe0f;&#x1f1fa;&#x1f1ec;<\/p>\n","protected":false},"excerpt":{"rendered":"<p>Das ugandische Schulsystem und unser neues Projekt: &#x1f1fa;&#x1f1ec;Der Schulgeldtopf&#x1f1fa;&#x1f1ec; Das Schulsystem in Uganda stellt viele Familien vor gro\u00dfe Herausforderungen. Schulgeb\u00fchren, Materialien und Unterbringung m\u00fcssen bezahlt werden \u2013 f\u00fcr viele ist das finanziell kaum m\u00f6glich. Besonders weiterf\u00fchrende Schulen und Ausbildungen sind kostspielig, doch sie bieten Kindern die Chance auf eine bessere Zukunft. Aktuell sind Mutesi und [&hellip;]<\/p>\n","protected":false},"author":7,"featured_media":0,"parent":2382,"menu_order":0,"comment_status":"closed","ping_status":"closed","template":"","meta":{"give_campaign_id":0,"ngg_post_thumbnail":0,"footnotes":""},"class_list":["post-2799","page","type-page","status-publish","hentry"],"campaignId":"","_links":{"self":[{"href":"https:\/\/www.kinderhilfe-uganda.de\/index.php?rest_route=\/wp\/v2\/pages\/2799","targetHints":{"allow":["GET"]}}],"collection":[{"href":"https:\/\/www.kinderhilfe-uganda.de\/index.php?rest_route=\/wp\/v2\/pages"}],"about":[{"href":"https:\/\/www.kinderhilfe-uganda.de\/index.php?rest_route=\/wp\/v2\/types\/page"}],"author":[{"embeddable":true,"href":"https:\/\/www.kinderhilfe-uganda.de\/index.php?rest_route=\/wp\/v2\/users\/7"}],"replies":[{"embeddable":true,"href":"https:\/\/www.kinderhilfe-uganda.de\/index.php?rest_route=%2Fwp%2Fv2%2Fcomments&post=2799"}],"version-history":[{"count":1,"href":"https:\/\/www.kinderhilfe-uganda.de\/index.php?rest_route=\/wp\/v2\/pages\/2799\/revisions"}],"predecessor-version":[{"id":2800,"href":"https:\/\/www.kinderhilfe-uganda.de\/index.php?rest_route=\/wp\/v2\/pages\/2799\/revisions\/2800"}],"up":[{"embeddable":true,"href":"https:\/\/www.kinderhilfe-uganda.de\/index.php?rest_route=\/wp\/v2\/pages\/2382"}],"wp:attachment":[{"href":"https:\/\/www.kinderhilfe-uganda.de\/index.php?rest_route=%2Fwp%2Fv2%2Fmedia&parent=2799"}],"curies":[{"name":"wp","href":"https:\/\/api.w.org\/{rel}","templated":true}]}}